{"id":65,"date":"2017-02-21T19:45:19","date_gmt":"2017-02-21T17:45:19","guid":{"rendered":"https:\/\/jsrossautest.wordpress.com\/lager\/"},"modified":"2025-11-30T08:25:54","modified_gmt":"2025-11-30T07:25:54","slug":"lager","status":"publish","type":"page","link":"http:\/\/jsrossau.server-project.net\/www\/?page_id=65","title":{"rendered":"LAGER"},"content":{"rendered":"<p>Jedes Jahr fahren wir drei Mal gemeinsam auf Lager: Herbstlager, Pfingstlager und Sommerlager. Davon ist jedes ein bisschen anders, doch alle machen gleich viel Spa\u00df!<\/p>\n<p>Grunds\u00e4tzlich fahren wir alle zusammen (alle Jungscharkinder, GruppenhelferInnen, GruppenleiterInnen und LagerhelferInnen), jeder mit einem Rucksack bepackt, in ein Jungscharhaus, auf eine Burg oder auf unsere Sommerlagerwiese.<\/p>\n<p>Warum? Eigentlich f\u00fcr eine ganz entspannte Zeit, doch komischerweise passieren uns dann aber immer die verr\u00fccktesten Sachen&#8230;<\/p>\n<p>Es kann schon einmal vorkommen, dass wir pl\u00f6tzlich von Aliens entf\u00fchrt werden, Sherlock Holmes dabei helfen, seine F\u00e4lle zu l\u00f6sen oder unabsichtlich in die Welt der Brettspiele fallen, in der die W\u00fcrfel ihre Augenzahlen verloren haben.<\/p>\n<p>Packlisten und weitere Details, zum Beispiel wo genau wir hinfahren, findest du auf den Anmeldungen. Die kannst du dir entweder <a href=\"http:\/\/jsrossau.server-project.net\/www\/?page_id=483\">hier<\/a> auf der Homepage downloaden oder du bekommst sie im Jungscharheim von deinen GruppenleiterInnen.<\/p>\n<h2>HELA (2-3 Tage)<\/h2>\n<p>Das Jungscharjahr beginnt mit dem Herbstlager. Daf\u00fcr fahren wir f\u00fcr ein Wochenende (Fr-So oder Sa-So) nach Nieder\u00f6sterreich auf die Jungscharburg Wildegg.<\/p>\n<h2>PFILA (4 Tage)<\/h2>\n<p>Zu Pfingsten fahren wir f\u00fcr ein verl\u00e4ngertes Wochenende in ein Jungscharhaus. Wir versuchen, jedes Jahr in ein anderes Haus zu fahren, denn Abwechslung hat noch nie geschadet. Meistens\u00a0 sind wir nicht mehr als zwei Stunden von Wien entfernt.<\/p>\n<h2>SOLA (9 Tage)<\/h2>\n<p>Und in der ersten Woche der Sommerferien geht\u2019s nach St. Martin bei Weitra auf die sch\u00f6ne Wiese vom Bauern Gerhard. Eine Woche zelten, kein Strom, keine Handys, nur wir, Wiese, Wald und vielleicht Spongebob, der unsere Hilfe braucht&#8230;<\/p>\n<h2>\u00c4LA (3 Tage)<\/h2>\n<p>F\u00fcr die drei \u00e4ltesten Jungschargruppen gibt es zus\u00e4tzlich zu den drei Lagern auch noch ein \u00c4lteren-Lager, bei dem die \u00e4lteren Gruppenkinder mit ihren GruppenleiterInnen ein (diesmal wirklich) entspannendes Fr\u00fchlingswochenende auf der Jungscharburg Wildegg verbringen.<\/p>\n","protected":false},"excerpt":{"rendered":"<p>Jedes Jahr fahren wir drei Mal gemeinsam auf Lager: Herbstlager, Pfingstlager und Sommerlager. Davon ist jedes ein bisschen anders, doch alle machen gleich viel Spa\u00df! Grunds\u00e4tzlich fahren&hellip; <span class=\"read-more\"><a class=\"more-link\" href=\"http:\/\/jsrossau.server-project.net\/www\/?page_id=65\" rel=\"bookmark\">Read more <span class=\"screen-reader-text\">&#8220;LAGER&#8221;<\/span><\/a><\/span><\/p>\n","protected":false},"author":1,"featured_media":312,"parent":0,"menu_order":0,"comment_status":"closed","ping_status":"closed","template":"","meta":{"jetpack_post_was_ever_published":false,"footnotes":""},"class_list":["post-65","page","type-page","status-publish","has-post-thumbnail","hentry"],"jetpack_sharing_enabled":false,"jetpack_shortlink":"https:\/\/wp.me\/P8sfUD-13","jetpack-related-posts":[],"_links":{"self":[{"href":"http:\/\/jsrossau.server-project.net\/www\/index.php?rest_route=\/wp\/v2\/pages\/65"}],"collection":[{"href":"http:\/\/jsrossau.server-project.net\/www\/index.php?rest_route=\/wp\/v2\/pages"}],"about":[{"href":"http:\/\/jsrossau.server-project.net\/www\/index.php?rest_route=\/wp\/v2\/types\/page"}],"author":[{"embeddable":true,"href":"http:\/\/jsrossau.server-project.net\/www\/index.php?rest_route=\/wp\/v2\/users\/1"}],"replies":[{"embeddable":true,"href":"http:\/\/jsrossau.server-project.net\/www\/index.php?rest_route=%2Fwp%2Fv2%2Fcomments&post=65"}],"version-history":[{"count":17,"href":"http:\/\/jsrossau.server-project.net\/www\/index.php?rest_route=\/wp\/v2\/pages\/65\/revisions"}],"predecessor-version":[{"id":5454,"href":"http:\/\/jsrossau.server-project.net\/www\/index.php?rest_route=\/wp\/v2\/pages\/65\/revisions\/5454"}],"wp:featuredmedia":[{"embeddable":true,"href":"http:\/\/jsrossau.server-project.net\/www\/index.php?rest_route=\/wp\/v2\/media\/312"}],"wp:attachment":[{"href":"http:\/\/jsrossau.server-project.net\/www\/index.php?rest_route=%2Fwp%2Fv2%2Fmedia&parent=65"}],"curies":[{"name":"wp","href":"https:\/\/api.w.org\/{rel}","templated":true}]}}