{"id":55,"date":"2017-02-21T16:34:31","date_gmt":"2017-02-21T14:34:31","guid":{"rendered":"https:\/\/jsrossautest.wordpress.com\/?page_id=4"},"modified":"2025-11-30T08:24:13","modified_gmt":"2025-11-30T07:24:13","slug":"kontakt","status":"publish","type":"page","link":"http:\/\/jsrossau.server-project.net\/www\/?page_id=55","title":{"rendered":"KONTAKT"},"content":{"rendered":"<h2>Newsletter<\/h2>\n<p>Kennst du unseren Newsletter schon? Wir schicken dir alle Termine, erinnern an den Anmeldeschluss vor Lagern und geben Bescheid, sobald neue Fotos online sind.<\/p>\n<p><!--more--><\/p>\n<script>(function() {\n\twindow.mc4wp = window.mc4wp || {\n\t\tlisteners: [],\n\t\tforms: {\n\t\t\ton: function(evt, cb) {\n\t\t\t\twindow.mc4wp.listeners.push(\n\t\t\t\t\t{\n\t\t\t\t\t\tevent   : evt,\n\t\t\t\t\t\tcallback: cb\n\t\t\t\t\t}\n\t\t\t\t);\n\t\t\t}\n\t\t}\n\t}\n})();\n<\/script><!-- Mailchimp for WordPress v4.9.18 - https:\/\/wordpress.org\/plugins\/mailchimp-for-wp\/ --><form id=\"mc4wp-form-1\" class=\"mc4wp-form mc4wp-form-805\" method=\"post\" data-id=\"805\" data-name=\"Newsletter\" ><div class=\"mc4wp-form-fields\"><p>\r\n    <label>Email Adresse*<\/label>\r\n    <input type=\"email\" name=\"EMAIL\" required=\"\" value=>\r\n<\/p>\r\n<p>\r\n<label>Vorname<\/label>\r\n<input type=\"text\" name=\"FNAME\">\r\n<label>Nachname<\/label>\r\n<input type=\"text\" name=\"LNAME\">\r\n<\/p>\r\n<p>\r\n    <input type=\"submit\" value=\"Anmelden\">\r\n<\/p>\r\n<\/div><label style=\"display: none !important;\">Leave this field empty if you're human: <input type=\"text\" name=\"_mc4wp_honeypot\" value=\"\" tabindex=\"-1\" autocomplete=\"off\" \/><\/label><input type=\"hidden\" name=\"_mc4wp_timestamp\" value=\"1777893481\" \/><input type=\"hidden\" name=\"_mc4wp_form_id\" value=\"805\" \/><input type=\"hidden\" name=\"_mc4wp_form_element_id\" value=\"mc4wp-form-1\" \/><div class=\"mc4wp-response\"><\/div><\/form><!-- \/ Mailchimp for WordPress Plugin -->\n<h2><\/h2>\n<h2>Social Media<\/h2>\n<p>Besuch uns gerne auch auf <a href=\"https:\/\/www.facebook.com\/jsrossau\/\" target=\"_blank\" rel=\"noopener\">Facebook<\/a>\u00a0oder <a href=\"https:\/\/www.instagram.com\/jsrossau?utm_source=ig_web_button_share_sheet&amp;igsh=ZDNlZDc0MzIxNw==\">Instagram<\/a>!<\/p>\n<h2>Kontaktformular<\/h2>\n<p>Hast du noch Fragen?\u00a0Dann f\u00fclle einfach dieses Kontaktformular aus und wir werden uns bem\u00fchen, dir so schnell wie m\u00f6glich zu antworten!<\/p>\n<div data-test='contact-form' id='contact-form-55' class='wp-block-jetpack-contact-form-container '>\n<form action='http:\/\/jsrossau.server-project.net\/www\/?page_id=55#contact-form-55' method='post' class='contact-form commentsblock' aria-label=\"KONTAKT\" novalidate>\n\n<div style=\"\" class='grunion-field-name-wrap grunion-field-wrap'  >\n<label\n\t\t\t\tfor='g55-name'\n\t\t\t\tclass='grunion-field-label name'>Name<span class=\"grunion-label-required\" aria-hidden=\"true\">(required)<\/span><\/label>\n<input\n\t\t\t\t\ttype='text'\n\t\t\t\t\tname='g55-name'\n\t\t\t\t\tid='g55-name'\n\t\t\t\t\tvalue=''\n\t\t\t\t\tclass='name  grunion-field' \n\t\t\t\t\trequired aria-required='true' \/>\n\t<\/div>\n\n<div style=\"\" class='grunion-field-email-wrap grunion-field-wrap'  >\n<label\n\t\t\t\tfor='g55-emailadresse'\n\t\t\t\tclass='grunion-field-label email'>E-Mail-Adresse<span class=\"grunion-label-required\" aria-hidden=\"true\">(required)<\/span><\/label>\n<input\n\t\t\t\t\ttype='email'\n\t\t\t\t\tname='g55-emailadresse'\n\t\t\t\t\tid='g55-emailadresse'\n\t\t\t\t\tvalue=''\n\t\t\t\t\tclass='email  grunion-field' \n\t\t\t\t\trequired aria-required='true' \/>\n\t<\/div>\n\n<div style=\"\" class='grunion-field-textarea-wrap grunion-field-wrap'  >\n<label\n\t\t\t\tfor='contact-form-comment-g55-kommentar'\n\t\t\t\tclass='grunion-field-label textarea'>Kommentar<span class=\"grunion-label-required\" aria-hidden=\"true\">(required)<\/span><\/label>\n<textarea\n\t\t                style=''\n\t\t                name='g55-kommentar'\n\t\t                id='contact-form-comment-g55-kommentar'\n\t\t                rows='20' class='textarea  grunion-field'  required aria-required='true'><\/textarea>\n\t<\/div>\n\t<p class='contact-submit'>\n\t\t<button type='submit' class='pushbutton-wide'>Submit<\/button>\t\t<input type='hidden' name='contact-form-id' value='55' \/>\n\t\t<input type='hidden' name='action' value='grunion-contact-form' \/>\n\t\t<input type='hidden' name='contact-form-hash' value='393b5e4e533669fbd9c033ee98fcfce8c3649cc9' \/>\n\t<\/p>\n<\/form>\n<\/div>\n","protected":false},"excerpt":{"rendered":"<p>Dies ist nur eine Kurzfassung der Seite&nbsp;\u201eKontakt\u201c.<\/p>\n","protected":false},"author":1,"featured_media":311,"parent":0,"menu_order":2,"comment_status":"closed","ping_status":"closed","template":"page-templates\/template-grid.php","meta":{"jetpack_post_was_ever_published":false,"footnotes":""},"class_list":["post-55","page","type-page","status-publish","has-post-thumbnail","hentry","pique-template-grid"],"jetpack_sharing_enabled":false,"jetpack_shortlink":"https:\/\/wp.me\/P8sfUD-T","jetpack-related-posts":[],"_links":{"self":[{"href":"http:\/\/jsrossau.server-project.net\/www\/index.php?rest_route=\/wp\/v2\/pages\/55"}],"collection":[{"href":"http:\/\/jsrossau.server-project.net\/www\/index.php?rest_route=\/wp\/v2\/pages"}],"about":[{"href":"http:\/\/jsrossau.server-project.net\/www\/index.php?rest_route=\/wp\/v2\/types\/page"}],"author":[{"embeddable":true,"href":"http:\/\/jsrossau.server-project.net\/www\/index.php?rest_route=\/wp\/v2\/users\/1"}],"replies":[{"embeddable":true,"href":"http:\/\/jsrossau.server-project.net\/www\/index.php?rest_route=%2Fwp%2Fv2%2Fcomments&post=55"}],"version-history":[{"count":26,"href":"http:\/\/jsrossau.server-project.net\/www\/index.php?rest_route=\/wp\/v2\/pages\/55\/revisions"}],"predecessor-version":[{"id":5452,"href":"http:\/\/jsrossau.server-project.net\/www\/index.php?rest_route=\/wp\/v2\/pages\/55\/revisions\/5452"}],"wp:featuredmedia":[{"embeddable":true,"href":"http:\/\/jsrossau.server-project.net\/www\/index.php?rest_route=\/wp\/v2\/media\/311"}],"wp:attachment":[{"href":"http:\/\/jsrossau.server-project.net\/www\/index.php?rest_route=%2Fwp%2Fv2%2Fmedia&parent=55"}],"curies":[{"name":"wp","href":"https:\/\/api.w.org\/{rel}","templated":true}]}}